 11, 31, 317
What are the prime factors of 115851?
3, 23, 73
List the prime factors of 710560.
2, 5, 4441
List the prime factors of 72567.
3, 11, 733
List the prime factors of 1094102.
2, 199, 2749
What are the prime factors of 271978?
2, 7, 19427
List the prime factors of 4947145.
5, 7, 107, 1321
What are the prime factors of 91072?
2, 1423
List the prime factors of 736615.
5, 11, 59, 227
What are the prime factors of 23700947?
2333, 10159
List the prime factors of 21816384.
2, 3, 37, 83
List the prime factors of 5301469.
5301469
What are the prime factors of 2627532?
2, 3, 24329
What are the prime factors of 226756?
2, 83, 683
List the prime factors of 211840.
2, 5, 331
List the prime factors of 141185.
5, 11, 17, 151
List the prime factors of 3085499.
3085499
What are the prime factors of 162280?
2, 5, 4057
List the prime factors of 7621105.
5, 43, 35447
What are the prime factors of 143163?
3, 15907
List the prime factors of 5343588.
2, 3, 151, 983
List the prime factors of 525509.
29, 18121
What are the prime factors of 3030333?
3, 163, 6197
What are the prime factors of 301140?
2, 3, 5, 7, 239
What are the prime factors of 131931?
3, 107, 137
What are the prime factors of 538868?
2, 11, 37, 331
What are the prime factors of 5561441?
5561441
What are the prime factors of 107482?
2, 61, 881
List the prime factors of 2200156.
2, 7, 78577
What are the prime factors of 4097991?
3, 41, 33317
What are the prime factors of 43452?
2, 3, 17, 71
List the prime factors of 3910928.
2, 7, 34919
List the prime factors of 881574.
2, 3, 349, 421
List the prime factors of 743739.
3, 247913
List the prime factors of 594016.
2, 19, 977
List the prime factors of 338749.
29, 11681
What are the prime factors of 291910?
2, 5, 29191
List the prime factors of 866155.
5, 211, 821
What are the prime factors of 10287429?
3, 547, 6269
List the prime factors of 2104208.
2, 347, 379
List the prime factors of 1116111.
3, 372037
List the prime factors of 87608.
2, 47, 233
What are the prime factors of 2527141?
97, 26053
What are the prime factors of 387256?
2, 48407
What are the prime factors of 524266?
2, 262133
List the prime factors of 11029845.
3, 5, 829, 887
List the prime factors of 1298500.
2, 5, 7, 53
List the prime factors of 174206.
2, 87103
List the prime factors of 7462932.
2, 3, 17, 36583
What are the prime factors of 2773057?
7, 17, 3329
What are the prime factors of 1197247?
19, 61, 1033
List the prime factors of 2216991.
3, 7, 193, 547
List the prime factors of 5126074.
2, 61, 42017
What are the prime factors of 184681?
7, 3769
What are the prime factors of 2359919?
41, 57559
What are the prime factors of 895849?
17, 52697
What are the prime factors of 524739?
3, 17, 10289
List the prime factors of 174374.
2, 87187
List the prime factors of 4404021.
3, 271, 5417
List the prime factors of 11401813.
23, 41, 107, 113
List the prime factors of 223617.
3, 131, 569
List the prime factors of 14178207.
3, 4726069
List the prime factors of 5326591.
73, 131, 557
What are the prime factors of 31368445?
5, 167, 37567
List the prime factors of 73923.
3, 41, 601
What are the prime factors of 505237?
505237
What are the prime factors of 29326766?
2, 7, 19, 110251
What are the prime factors of 16668984?
2, 3, 694541
What are the prime factors of 8878828?
2, 7, 17, 23, 811
What are the prime factors of 16312919?
7, 431, 5407
List the prime factors of 129601.
29, 41, 109
List the prime factors of 2934223.
2934223
What are the prime factors of 31530?
2, 3, 5, 1051
List the prime factors of 11607564.
2, 3, 967297
List the prime factors of 799757.
7, 43, 2657
What are the prime factors of 16811831?
16811831
List the prime factors of 33477.
3, 11159
What are the prime factors of 828694?
2, 414347
What are the prime factors of 7047056?
2, 440441
What are the prime factors of 14472868?
2, 3618217
What are the prime factors of 239424?
2, 3, 29, 43
What are the prime factors of 13840597?
13840597
List the prime factors of 3112539.
3, 293, 3541
List the prime factors of 174010.
2, 5, 17401
What are the prime factors of 72253?
72253
What are the prime factors of 12988504?
2, 31, 83, 631
List the prime factors of 895406.
2, 447703
What are the prime factors of 2413630?
2, 5, 241363
List the prime factors of 1115730.
2, 3, 5, 7, 11, 23
What are the prime factors of 84258?
2, 3, 31, 151
What are the prime factors of 355543?
167, 2129
List the prime factors of 428223.
3, 349, 409
List the prime factors of 3232583.
1063, 3041
What are the prime factors of 9474?
2, 3, 1579
What are the prime factors of 18540488?
2, 2317561
What are the prime factors of 3134199?
3, 1044733
List the prime factors of 210632.
2, 113, 233
List the prime factors of 17242277.
13, 383, 3463
List the prime factors of 9124824.
2, 3, 380201
List the prime factors of 2407602.
2, 3, 41, 9787
List the prime factors of 3778882.
2, 1889441
What are the prime factors of 25281753?
3, 7, 1203893
List the prime factors of 163828.
2, 7, 5851
List the prime factors of 22285033.
151, 147583
List the prime factors of 585023.
585023
What are the prime factors of 5793005?
5, 17, 19, 211
List the prime factors of 2139996.
2, 3, 178333
What are the prime factors of 2726579?
17, 160387
List the prime factors of 19530947.
59, 109, 3037
What are the prime factors of 374218?
2, 13, 37, 389
List the prime factors of 92575.
5, 7, 23
What are the prime factors of 30929841?
3, 3436649
List the prime factors of 84758.
2, 42379
What are the prime factors of 809473?
7, 197, 587
List the prime factors of 5089694.
2, 59, 43133
List the prime factors of 328758.
2, 3, 157, 349
List the prime factors of 8031280.
2, 5, 100391
List the prime factors of 207188.
2, 51797
What are the prime factors of 6268856?
2, 11, 71237
List the prime factors of 2697865.
5, 539573
What are the prime factors of 239269?
23, 101, 103
List the prime factors of 25530910.
2, 5, 271, 9421
List the prime factors of 33294.
2, 3, 31, 179
What are the prime factors of 822588?
2, 3, 13, 5273
What are the prime factors of 25105209?
3, 17, 89, 5531
List the prime factors of 675300.
2, 3, 5, 2251
List the prime factors of 3338144.
2, 73, 1429
What are the prime factors of 402949?
402949
What are the prime factors of 169497?
3, 37, 509
List the prime factors of 261320.
2, 5, 47, 139
What are the prime factors of 834396?
2, 3, 31, 2243
What are the prime factors of 13211?
11, 1201
What are the prime factors of 13531934?
2, 13, 31, 103, 163
List the prime factors of 7476404.
2, 13, 61, 2357
What are the prime factors of 441646?
2, 23, 9601
What are the prime factors of 96585?
3, 5, 47, 137
List the prime factors of 650442.
2, 3, 13, 31, 269
List the prime factors of 627218.
2, 41, 7649
List the prime factors of 168699.
3, 53, 1061
List the prime factors of 12110033.
13, 131, 547
What are the prime factors of 1732084?
2, 23, 67, 281
What are the prime factors of 148447?
13, 19, 601
List the prime factors of 3363783.
3, 1121261
List the prime factors of 3253.
3253
List the prime factors of 4866580.
2, 5, 61, 3989
What are the prime factors of 3566364?
2, 3, 31, 9587
What are the prime factors of 15906610?
2, 5, 19, 83719
What are the prime factors of 9056280?
2, 3, 5, 163, 463
List the prime factors of 31092.
2, 3, 2591
What are the prime factors of 192743?
192743
List the prime factors of 3508745.
5, 73, 9613
List the prime factors of 212758.
2, 7, 13, 167
List the prime factors of 2272303.
11, 251, 823
What are the prime factors of 1559685?
3, 5, 103979
List the prime factors of 920528.
2, 7, 8219
List the prime factors of 6181564.
2, 1545391
What are the prime factors of 1877834?
2, 7, 113, 1187
List the prime factors of 8339517.
3, 34319
What are the prime factors of 91488?
2, 3, 953
List the prime factors of 5462723.
7, 780389
What are the prime factors of 113042?
2, 29, 1949
What are the prime factors of 3878078?
2, 1939039
List the prime factors of 1532192.
2, 47881
What are the prime factors of 453642?
2, 3, 7, 1543
List the prime factors of 1134803.
97, 11699
What are the prime factors of 1532703?
3, 17, 41, 733
What are the prime factors of 202168?
2, 37, 683
List the prime factors of 9377.
9377
What are the prime factors of 1611167?
43, 89, 421
List the prime factors of 